6
Let g be 1*6*(-3 - (-45)/10). Suppose -g*m + 11*m = -12. What is the tens digit of m/2*(3320/15)/(-4)?
6
Let q be 0 + 236/(-8) - 3/(-6). Let x = 34 + q. Suppose x = -2*k + 247. What is the hundreds digit of k?
1
Let k be (1*11)/((-2)/(-4)) - -1. Suppose 0 = -21*m + k*m - 264. Let x = -42 + m. What is the tens digit of x?
9
What is the tens digit of 7 - (1*(-1 + 1) + 2 + -11923)?
2
Let x = 26378 + -17267. What is the units digit of x?
1
Let v(l) = -l**3 + 98*l**2 + 343*l - 1717. What is the units digit of v(98)?
7
Let m be (-1 + 1/1 + 2)/(-1). What is the units digit of (-1 + 2961/(-14))/(1/m)?
5
Let o be (-2)/5 - (12/(-10))/(-2). Let y be (-39)/(o + (-10)/(-15)). Suppose 0 = -5*b - 20, 808 = 3*j - 4*b + y. What is the tens digit of j?
2
Let f(x) = 107 - 421*x + 207*x + 213*x. What is the units digit of f(-19)?
6
Suppose -16*x - 211582 = 5*x - 35*x. What is the units digit of x?
3
Suppose 0 = -5*y - 13 + 28. Suppose -70 + 29 = -q - y*m, 4*m = 2*q - 92. Suppose 56*o - 60*o = -q. What is the tens digit of o?
1
Suppose -173 - 57 = -10*h. Let b(q) = 11*q + 30. What is the tens digit of b(h)?
8
Let b be -8 + (-9)/((-45)/55). What is the hundreds digit of (1010 - b - -6)/1?
0
Let r(q) = q**3 + 9*q**2 - 389*q - 82. What is the tens digit of r(-15)?
0
Let b(y) = 79*y**2 - 820*y + 14. What is the hundreds digit of b(-15)?
0
Let g(f) = -70*f + 3. Suppose -5*q - 24 = 4*j + 41, 2*q - 5*j = 7. Let z be (84/(-8))/7*(-6)/q. What is the tens digit of g(z)?
7
Let o(b) = 2*b**3 - 6*b**2 - 6*b - 9. Let n be o(5). Let x = n + 12. What is the units digit of x?
3
Let f = 124 - -10890. What is the ten thousands digit of f?
1
Suppose -12 = 3*v, 2*v + 110 = -2*g + 1618. Let y = g + -530. What is the tens digit of y?
2
Let u = 81 - 152. Let k be ((-11)/(-1))/((-1)/(-14)*-2). Let p = u - k. What is the units digit of p?
6
Suppose 144525 = 142*b - 140*b - 5*z, 3*b + 2*z = 216702. What is the thousands digit of b?
2
Let j be 2/(-3)*((-844)/8 + -4). Let f = j + -70. Suppose 0 = -f*l + 75 + 24. What is the units digit of l?
3
Suppose -6*h = -53 + 95. What is the units digit of (2 - 13167/h)*(-4)/(-14)?
8
Let z(q) be the third derivative of q**5/30 - 7*q**4/8 + 53*q**3/6 - 33*q**2. Let u be z(17). Suppose 0 = b + 52 - u. What is the units digit of b?
2
Let r be -1*18/4*(-44)/(-22). What is the units digit of (3/(-6))/(r/108)?
6
Let f = -588 + 1333. What is the units digit of f + (-7)/(-7 - -8)?
8
Let k = 91 - 86. Suppose -k*m = -0*m + 4*x - 482, -3*m - 3*x = -291. Suppose m + 66 = 2*a. What is the units digit of a?
0
Suppose -8*l = -20*l + 11*l. Suppose l = 5*m - 11*m + 894. What is the hundreds digit of m?
1
Let b = 4 - -28. Let n be ((-3)/2)/(20/b - 1). Suppose 4*a = 5*o + 636, -n*a + 0*a = 3*o - 668. What is the units digit of a?
4
Let l(u) = -31*u**2 + u**3 + 123 + 19*u - 166 + 0*u. What is the units digit of l(31)?
6
Let x = -81257 - -127158. What is the ten thousands digit of x?
4
Let t(h) = 4 - 8 - 3 + 27*h. Let m be -4*3/10*(-910)/273. What is the tens digit of t(m)?
0
Suppose 4*j = -15*j + 38. Suppose 412 - 1456 = -j*y. What is the units digit of y?
2
Suppose 23*v + 2628 = -592. Let p = -77 - v. What is the units digit of p?
3
Let d = 32241 - 21809. What is the tens digit of d?
3
Let a be (-1 - (0 - 0))/(-4)*116. Suppose a*j + 2238 = 35*j. What is the hundreds digit of j?
3
What is the thousands digit of -3*(-48)/(-18) + 4 - -58450 - -4?
8
Suppose -3*v = -2*x - 14964, 62*v - 67*v + 5*x = -24945. What is the units digit of v?
6
Let d(a) = 8*a**2 + 8*a + 25. Let u be d(-4). Suppose 0 = -3*j + 3*h - 201, 3*j - 8*j - 367 = 3*h. Let c = j + u. What is the units digit of c?
0
Let d(s) = 12*s - 10. Let z be d(2). Suppose -5*j - 2*m + 3779 = 0, 3*j + z*m = 19*m + 2286. What is the units digit of j?
7
Let i be 216/32*-8*(-1)/(-3). Let k(a) = -2*a - 46. Let g be k(i). Let v(n) = 3*n**2 + 10*n - 2. What is the tens digit of v(g)?
9
Let y(n) = 2*n**3 - 3*n**2 + n + 7. Let s(b) = -3*b**3 + 6*b**2 - 3*b - 15. Let u(a) = 2*s(a) + 5*y(a). What is the units digit of u(6)?
5
Suppose -14*t = 368 - 116. Let c(r) = -r**2 - 20*r - 22. Let a be c(t). Suppose -a*d + 168 = n - 17*d, 4*n = d + 683. What is the hundreds digit of n?
1
Suppose -9*x + g + 61907 = 6076, 5*g - 18589 = -3*x. What is the units digit of x?
3
Let f = -11632 - -46121. What is the tens digit of f?
8
Suppose -5*d = 47 - 52. Let x(r) = 4*r**2 + 6*r. Let t be x(-5). What is the tens digit of (d + 0)*(t - 4)?
6
Let s be (-3)/(-1) + 4/(-4) + 7. Suppose -s*g - 677 = -2189. What is the units digit of g?
8
Let x(b) = 389*b - 582. What is the units digit of x(5)?
3
Let d(i) = 82*i**2 + 7*i + 12. Let h be d(-2). Let j = 172 + -389. Let s = j + h. What is the tens digit of s?
0
What is the ten thousands digit of (2/(-8))/(314/(-26404888))?
2
Suppose 14088 = 13*j - 4710. What is the hundreds digit of j?
4
Suppose -9*q - 4*b = -14*q + 7064, 2*q - 2*b = 2826. Suppose q = -14*z + 16*z. What is the units digit of z?
6
Let n = -104 - -105. Suppose 0 = 2*u, -4*u - n + 14 = r. Suppose r*d = -2*d + 3300. What is the units digit of d?
0
Suppose -197 = 2*c + n, 3*c + 4*n - 2*n + 298 = 0. Let u = 293 + c. What is the hundreds digit of u?
1
What is the hundreds digit of 3/(-4)*((-24)/(-90))/(2/(-66790))?
6
Let r be (-526 - 52)/(-3 - -1). Suppose -2*n + r = -985. What is the units digit of n?
7
Let j(m) = 93*m + 94. Let x be j(-10). Let k = 6 - 11. What is the tens digit of (-1)/(10/x) - 2/k?
8
What is the ten thousands digit of (1 - -5)*((-20)/(-15))/((-6)/(-27696))?
3
Let z be -1*(-3)/(-15) + 336/30. Suppose 0 = 10*l + 11 - z. Suppose 0 = 5*r - f - 0*f - 867, l = -5*r - 4*f + 857. What is the tens digit of r?
7
Suppose -4*i + 87 + 141 = 0. Let u = 60 - i. Suppose o = -8*t + u*t + 102, -4*t - 162 = -2*o. What is the tens digit of o?
8
Let f(w) be the third derivative of -w**5/60 + 5*w**4/12 - 5*w**3/2 + 10*w**2. Let m be f(9). Let r(y) = -4*y + 1. What is the tens digit of r(m)?
2
Let t(x) = 116*x**2 - 298*x - 2064. What is the units digit of t(-7)?
6
Suppose 12744*g = 12772*g - 257992. What is the tens digit of g?
1
Let z(c) = -c + 10. Let r be z(14). Let p be 1296/r + 8/2. Let y = -155 - p. What is the units digit of y?
5
Let c(s) = 4*s + 47. Let p be c(-11). Let y be ((9 - p)/3)/2*1. What is the units digit of (-71)/(-4) + y/4?
8
Let q = 5023 + -4562. What is the hundreds digit of q?
4
Let s(f) = -f**3 - 15*f**2 + 21*f + 71. Let l be s(-16). What is the tens digit of (-3662)/(-5) + l/(-15)?
3
Let l(a) = -a**2 + 6*a + 9. Let p be l(6). Suppose 24 = f - p*f. What is the tens digit of (-307)/(-3) - 2/f?
0
Let v be (6/2 - 1)*(-15 - -19). Let h(s) = -s**3 + 14*s**2 - 4*s - 7. Let j be h(v). Suppose -7*b + 2*b = -j. What is the tens digit of b?
6
Suppose -6*c + 352 = 2*c. Suppose -2*d = 4*p - c, 86 + 14 = 4*d + 5*p. What is the tens digit of d/((-12)/2) - -101?
9
Suppose -35*l - 588 - 1617 = 0. What is the hundreds digit of 59/((l/7)/(-63))?
4
Suppose 0 = 45*f - 46*f + 3174. Let i = -1472 + f. What is the thousands digit of i?
1
Let j be -4 - ((-2)/4 + 9/(-6)). What is the units digit of ((-73)/j)/(7 + 913/(-132))?
8
Let r be (2/(-8) + 20/16)*3. Let m be (-27)/(-18)*(1 - (-259)/r). Suppose -5*a + 159 + m = 0. What is the units digit of a?
8
Let n be -19 + -6 - (8 + -3). Let d be 148/n*-6 + 2/5. Suppose 26*f = 25*f + d. What is the units digit of f?
0
Let r(j) = 1116*j**2 + 131*j + 89. What is the hundreds digit of r(-5)?
3
Suppose -398975 = -71*s + 201632 + 54510. What is the hundreds digit of s?
2
Let k = 3709 - -12692. What is the thousands digit of k?
6
Suppose -2*u - 78639 = -f, -u = 6*f - 3*f - 235854. What is the units digit of f?
1
Let m(w) = -w**2 + 22*w + 274. Let k be m(31). Let o(d) = -14*d**3 - 15*d + 13*d**3 - 8 - d**2 - 3*d**2 - 10. What is the tens digit of o(k)?
8
Let o = 26467 + -13222. What is the ten thousands digit of o?
1
Let s be (153/(-72) - -2)/(1/(-8)). What is the hundreds digit of (-24)/s*(-10332)/144?
7
What is the hundreds digit of (423/(-282))/((-3)/15690)?
8
Let a = 47772 - 27992. What is the units digit of a?
0
Let k(i) = -i**3 + i**2 + 16*i - 45. Let m be k(9). Let n = m + 1069. What is the hundreds digit of n?
5
Suppose -561 = -4*i - o + 27, 2*o = -2*i + 300. Let a = 419 + i. What is the tens digit of a?
6
